3?
2010120223
In base 5, what is -22 + -24340?
-24412
In base 14, what is -195 - 472?
-627
In base 2, what is 100010011010 + -1001?
100010010001
In base 15, what is -28 + 2b?
3
In base 15, what is -5d9a + c?
-5d8d
In base 9, what is 8316 + -18?
8287
In base 5, what is 4 + -104033424?
-104033420
In base 5, what is -1022 + 2434?
1412
In base 16, what is e3e + 1?
e3f
In base 9, what is 1 - -1875624?
1875625
In base 3, what is -121 + -11110100?
-11110221
In base 9, what is -25577 + -16?
-25604
In base 8, what is -13214360 - 1?
-13214361
In base 2, what is -1000011 + 10000010101111?
10000001101100
In base 16, what is -a + 4a607?
4a5fd
In base 8, what is -2421433 - 4?
-2421437
In base 10, what is 5 + 1118?
1123
In base 15, what is -4d15 + -8?
-4d1d
In base 8, what is -3 + -311524?
-311527
In base 3, what is 202100 - -20220?
1000020
In base 2, what is 1 + -101001011011100100?
-101001011011100011
In base 5, what is -110400 + 10?
-110340
In base 4, what is -223102 + 3031?
-220011
In base 15, what is -704 + 4?
-700
In base 9, what is 1331 - -64?
1405
In base 4, what is 0 - 32020?
-32020
In base 10, what is 26 + 229?
255
In base 11, what is 1 - 7086a?
-70869
In base 13, what is 2517 - -4?
251b
In base 13, what is 0 - 22a0ac?
-22a0ac
In base 14, what is 16 + -286?
-270
In base 8, what is 5 - 20247?
-20242
In base 4, what is 11201 - -13113?
30320
In base 10, what is 2 + -1546957?
-1546955
In base 16, what is -4011 + 2?
-400f
In base 8, what is -432640 - -7?
-432631
In base 11, what is -8 + 2a438?
2a430
In base 2, what is 1000100001 - -101001?
1001001010
In base 10, what is 0 - -1285?
1285
In base 8, what is -1631331 - -1?
-1631330
In base 4, what is -2 - -23130110?
23130102
In base 12, what is 32 + -1036?
-1004
In base 2, what is -10011101 + -1011010000100?
-1011100100001
In base 16, what is -5 + -4229?
-422e
In base 2, what is -100001011001010110100100 + 1?
-100001011001010110100011
In base 5, what is -10 - 130440?
-131000
In base 13, what is -15a6 + -3?
-15a9
In base 11, what is 7705 - -3?
7708
In base 11, what is -3596 + 5?
-3591
In base 10, what is -11 - -94?
83
In base 12, what is -19740 - 7?
-19747
In base 9, what is -76 + -317?
-404
In base 16, what is -5 - 1d66c?
-1d671
In base 12, what is -45 - -20b?
186
In base 2, what is 11110100111100111010 + 11?
11110100111100111101
In base 12, what is -3 - a6278?
-a627b
In base 13, what is 381c9 - -4?
38200
In base 13, what is 8 + 22506?
22511
In base 10, what is -481 + 157?
-324
In base 2, what is -101 + 100010100000110?
100010100000001
In base 10, what is -46789 + -4?
-46793
In base 8, what is -3062 + -43?
-3125
In base 13, what is 2 - 371b1?
-371ac
In base 15, what is -579 - -3?
-576
In base 12, what is -67 + -1461?
-1508
In base 9, what is -43311 + -16?
-43327
In base 3, what is 120 - 10102212?
-10102022
In base 6, what is 3554 - 31?
3523
In base 15, what is 0 - 6e?
-6e
In base 14, what is 30443 + -4?
3043d
In base 6, what is -53414 + 32?
-53342
In base 12, what is 4 - 1112b?
-11127
In base 11, what is -2 - 3a716?
-3a718
In base 12, what is 13aab + 4?
13ab3
In base 11, what is 56 - 56830?
-56785
In base 4, what is 3 - 1111132?
-1111123
In base 5, what is 114123 + 42?
114220
In base 8, what is -272 - 150?
-442
In base 11, what is -1859 + 113?
-1746
In base 8, what is 162432 - -34?
162466
In base 14, what is 21 + 1ca?
20b
In base 12, what is -b7a + 1a6?
-994
In base 4, what is 1330333001 + 2?
1330333003
In base 11, what is -44949 + -4?
-44952
In base 10, what is 223 + -34?
189
In base 6, what is -511350 - 30?
-511420
In base 16, what is -5 - -2f85?
2f80
In base 3, what is 1021 - -1012221012?
1012222110
In base 14, what is -d3b8 - -19?
-d39d
In base 10, what is -1068 - 445?
-1513
In base 9, what is 22 - 6672?
-6650
In base 7, what is 104 - 2403?
-2266
In base 14, what is 2d9 - 130?
1a9
In base 3, what is 211020102 - 1211?
211011121
In base 12, what is -20 + -b36?
-b56
In base 4, what is -112 - -200223113?
200223001
In base 3, what is -222 - 100201020?
-100202012
In base 10, what is -9 + 327972?
327963
In base 14, what is 50 + -366?
-316
In base 13, what is 2 + 1595b?
15960
In base 3, what is 212120211 - 1211?
212112000
In base 6, what is -3125 + 20224?
13055
In base 2, what is -11110 - 10010111010010?
-10010111110000
In base 3, what is 2000221 - 11022?
1212122
In base 7, what is -150 + -10100?
-10250
In base 11, what is 4a86 - -2?
4a88
In base 4, what is -10113120 - -100?
-10113020
In base 8, what is 775247 + -2?
775245
In base 4, what is 132313132100 - -10?
132313132110
In base 14, what is 1949 + -3?
1946
In base 3, what is -22212001102 - 100?
-22212001202
In base 10, what is -1 - 174243?
-174244
In base 4, what is 1022 - 3130300?
-3123212
In base 6, what is 15300 + 30?
15330
In base 2, what is 11011000 - 10100000100100?
-10011101001100
In base 4, what is -121 - 1212120?
-1212301
In base 15, what is 40e9 + 8e?
4188
In base 4, what is -133303033 + 0?
-133303033
In base 11, what is -a - -2683?
2674
In base 6, what is -1121 + 20303?
15142
In base 14, what is -2c0 + db?
-1c3
In base 4, what is -3023131 - -11?
-3023120
In base 9, what is 561246 - -4?
561251
In base 11, what is 1aa0 + 97?
2087
In base 3, what is -222021 - -21001?
-201020
In base 4, what is -11 - -11002?
10331
In base 13, what is 41 - b7b2?
-b771
In base 14, what is -69a - 17?
-6b3
In base 13, what is 5 - 3cb83?
-3cb7b
In base 7, what is -24523334 + -4?
-24523341
In base 5, what is -21 + 200200?
200124
In base 15, what is -4b5 + 10e2?
b2c
In base 5, what is 130 + -13202?
-13022
In base 5, what is -1031 + 423?
-103
In base 8, what is -161 - -4012?
3631
In base 6, what is -1431 - -140?
-1251
In base 8, what is 4 + 36314?
36320
In base 16, what is -1720 + -13b?
-185b
In base 16, what is -165fdd + 0?
-165fdd
In base 10, what is 76361 - -3?
76364
In base 15, what is 97962 + 9?
9796b
In base 8, what is -4 - -445116?
445112
In base 14, what is -4 + 85c8?
85c4
In base 11, what is -2138 - -7?
-2131
In base 15, what is -1e3ba1 + 2?
-1e3b9e
In base 14, what is 124c + -7?
1245
In base 2, what is 10000100001 + 111000001?
10111100010
In base 15, what is d5d1 + 4?
d5d5
In base 12, what is 6 - 4b42?
-4b38
In base 3, what is 11 + 12211102202?
12211102220
In base 9, what is -5463 - 4?
-5467
In base 11, what is 10 + 141?
151
In base 5, what is 2 + -2300320?
-2300313
In base 12, what is 3a2597 + -7?
3a2590
In base 7, what is 5046 - 34?
5012
In base 8, what is 11262 - 2?
11260
In base 4, what is 3001002 - 3?
3000333
In base 8, what is -14272 + -2?
-14274
In base 2, what is 10001011110 - -101101?
10010001011
In base 13, what is -1 - 2c235b?
-2c235c
In base 3, what is 2100211111122 - 1?
2100211111121
In base 16, what is 9c - 16?
86
In base 15, what is -33 + 7cda?
7ca7
In base 13, what is -36 + -b07?
-b40
In base 2, what is -11000011110 - 11001?
-11000110111
In base 15, what is -149 + -ac?
-206
In base 13, what is 5 + 22549?
22551
In base 7, what is -2211 + -322?
-2533
In base 6, what is -10431120 - -5?
-10431111
In base 4, what is 202321322 - 1?
202321321
In base 15, what is 819 + -4?
815
In base 10, what is 1011433 + 2?
1011435
In base 12, what is -6b - 1393?
-1442
In base 7, what is 3232 - -1443?
5005
In base 12, what is -4 + -120073?
-120077
In base 2, what is 10000010111111100101 + 1111?
10000010111111110100
In base 8, what is 3030 - 4?
3024
In base 12, what is 1 - -25291?
25292
In base 7, what is -1234 + 4014?
2450
In base 2, what is -10100 + -100101110?
-101000010
In base 7, what is -11202466 + 5?
-11202461
In base 10, what is 21 + 14138?
14159
In base 13, what is 2 + -1a6?
-1a4
In base 11, what is -155116 - a?
-155125
In base 6, what is 354 - -3214?
4012
In base 8, what is 2 - 42360?
-42356
In base 7, what is -111 + -43?
-154
In base 3, what is -201211 + -10012?
-212000
In base 5, what is -43 + 10333?
10240
In base 2, what is -100011001101 - 1000110?
-100100010011
In base 7, what is 1314 + 631?
2245
In base 8, what is 160471 + -3?
160466
In base 10, what is -131997 + -1?
-131998
In base 11, what is 1 + -4a35?
-4a34
In base 2, what is 11001110110 + -11001010?
10110101100
In base 3, what is 12121 - 101120102?
-101100211
In base 13, what is 851 - 4?
84a
In base 3, what is -212211212 + -12?
-212212001
In base 4, what is 2220 + 120?
3000
In base 9, what is -48406